{"id":93,"date":"2010-02-06T15:52:33","date_gmt":"2010-02-06T15:52:33","guid":{"rendered":"http:\/\/www.jungschar.biz\/w\/?page_id=93"},"modified":"2014-06-02T18:24:50","modified_gmt":"2014-06-02T17:24:50","slug":"%e2%80%a2-jungschar-im-siegerland","status":"publish","type":"page","link":"http:\/\/www.jungschar.biz\/?page_id=93","title":{"rendered":"\u2022 CVJM-Jungschar im Siegerland"},"content":{"rendered":"<p><span style=\"color: #000080;\"><strong>In den Alben \u2013 sortiert nach Aktionen \u2013 gibt es Bilder aus der Jungschararbeit im Siegerland :<\/strong><\/span><\/p>\n<p><strong><span style=\"color: #ff0000;\">\u00bb<\/span> <a href=\"http:\/\/www.jungschar.biz\/?page_id=2697\">Jungschar-Fahrradrallye<\/a><\/strong><\/p>\n<p><strong><span style=\"color: #ff0000;\">\u00bb<\/span> <a href=\"http:\/\/www.jungschar.biz\/?page_id=2707\">Jungschartag \/ Bezirks-Jungschartage<br \/>\n<\/a><\/strong><\/p>\n<p><strong><span style=\"color: #ff0000;\">\u00bb<\/span> <a href=\"http:\/\/www.jungschar.biz\/?page_id=2703\">Jungschar-Sportnacht und -Sportnachmittag<br \/>\n<\/a><\/strong><\/p>\n<p><strong><span style=\"color: #ff0000;\">\u00bb<\/span> <a href=\"http:\/\/www.jungschar.biz\/?page_id=25\">Siegerl\u00e4nder Jungschar-Waldlaufmeisterschaft<\/a><\/strong><\/p>\n<h5 style=\"text-align: left;\"><strong><span style=\"color: #008000;\">Die Siegerl\u00e4nder Jungschar-Waldlaufmeisterschaft wird gemeinsam mit der<br \/>\nGau-Waldlaufmeisterschaft des CVJM-Westbundes durchgef\u00fchrt.<\/span><br \/>\n<\/strong><\/h5>\n<p><span style=\"color: #c0c0c0;\">\u2013<\/span><\/p>\n<h5><span style=\"color: #ff0000;\"><strong>\u2039<\/strong><\/span> zur\u00fcck\u00a0zur <a href=\"http:\/\/www.jungschar.biz\/?page_id=12\">Galerie<\/a><\/h5>\n<h5><span style=\"color: #ff0000;\"><strong>\u2039<\/strong><\/span> <a href=\"http:\/\/www.jungschar.biz\">Startseite<\/a><\/h5>\n","protected":false},"excerpt":{"rendered":"<p>In den Alben \u2013 sortiert nach Aktionen \u2013 gibt es Bilder aus der Jungschararbeit im Siegerland : \u00bb Jungschar-Fahrradrallye \u00bb Jungschartag \/ Bezirks-Jungschartage \u00bb Jungschar-Sportnacht und -Sportnachmittag \u00bb Siegerl\u00e4nder Jungschar-Waldlaufmeisterschaft Die Siegerl\u00e4nder Jungschar-Waldlaufmeisterschaft wird gemeinsam mit der Gau-Waldlaufmeisterschaft des CVJM-Westbundes durchgef\u00fchrt. \u2013 \u2039 zur\u00fcck\u00a0zur Galerie \u2039 Startseite<\/p>\n","protected":false},"author":3,"featured_media":0,"parent":12,"menu_order":3,"comment_status":"closed","ping_status":"closed","template":"","meta":{"ngg_post_thumbnail":0},"_links":{"self":[{"href":"http:\/\/www.jungschar.biz\/index.php?rest_route=\/wp\/v2\/pages\/93"}],"collection":[{"href":"http:\/\/www.jungschar.biz\/index.php?rest_route=\/wp\/v2\/pages"}],"about":[{"href":"http:\/\/www.jungschar.biz\/index.php?rest_route=\/wp\/v2\/types\/page"}],"author":[{"embeddable":true,"href":"http:\/\/www.jungschar.biz\/index.php?rest_route=\/wp\/v2\/users\/3"}],"replies":[{"embeddable":true,"href":"http:\/\/www.jungschar.biz\/index.php?rest_route=%2Fwp%2Fv2%2Fcomments&post=93"}],"version-history":[{"count":20,"href":"http:\/\/www.jungschar.biz\/index.php?rest_route=\/wp\/v2\/pages\/93\/revisions"}],"predecessor-version":[{"id":982,"href":"http:\/\/www.jungschar.biz\/index.php?rest_route=\/wp\/v2\/pages\/93\/revisions\/982"}],"up":[{"embeddable":true,"href":"http:\/\/www.jungschar.biz\/index.php?rest_route=\/wp\/v2\/pages\/12"}],"wp:attachment":[{"href":"http:\/\/www.jungschar.biz\/index.php?rest_route=%2Fwp%2Fv2%2Fmedia&parent=93"}],"curies":[{"name":"wp","href":"https:\/\/api.w.org\/{rel}","templated":true}]}}

<p><span style="color: #000080;"><strong>In den Alben – sortiert nach Aktionen – gibt es Bilder aus der Jungschararbeit im Siegerland :</strong></span></p>
<p><strong><span style="color: #ff0000;">»</span> <a href="http://www.jungschar.biz/?page_id=2697">Jungschar-Fahrradrallye</a></strong></p>
<p><strong><span style="color: #ff0000;">»</span> <a href="http://www.jungschar.biz/?page_id=2707">Jungschartag / Bezirks-Jungschartage<br />
</a></strong></p>
<p><strong><span style="color: #ff0000;">»</span> <a href="http://www.jungschar.biz/?page_id=2703">Jungschar-Sportnacht und -Sportnachmittag<br />
</a></strong></p>
<p><strong><span style="color: #ff0000;">»</span> <a href="http://www.jungschar.biz/?page_id=25">Siegerländer Jungschar-Waldlaufmeisterschaft</a></strong></p>
<h5 style="text-align: left;"><strong><span style="color: #008000;">Die Siegerländer Jungschar-Waldlaufmeisterschaft wird gemeinsam mit der<br />
Gau-Waldlaufmeisterschaft des CVJM-Westbundes durchgeführt.</span><br />
</strong></h5>
<p><span style="color: #c0c0c0;">–</span></p>
<h5><span style="color: #ff0000;"><strong>‹</strong></span> zurück zur <a href="http://www.jungschar.biz/?page_id=12">Galerie</a></h5>
<h5><span style="color: #ff0000;"><strong>‹</strong></span> <a href="http://www.jungschar.biz">Startseite</a></h5>

<p>In den Alben – sortiert nach Aktionen – gibt es Bilder aus der Jungschararbeit im Siegerland : » Jungschar-Fahrradrallye » Jungschartag / Bezirks-Jungschartage » Jungschar-Sportnacht und -Sportnachmittag » Siegerländer Jungschar-Waldlaufmeisterschaft Die Siegerländer Jungschar-Waldlaufmeisterschaft wird gemeinsam mit der Gau-Waldlaufmeisterschaft des CVJM-Westbundes durchgeführt. – ‹ zurück zur Galerie ‹ Startseite</p>
