{"id":7424,"date":"2018-10-26T14:21:58","date_gmt":"2018-10-26T13:21:58","guid":{"rendered":"http:\/\/www.jungschar.biz\/w\/?page_id=7424"},"modified":"2018-10-27T08:48:35","modified_gmt":"2018-10-27T07:48:35","slug":"matthaus","status":"publish","type":"page","link":"http:\/\/www.jungschar.biz\/?page_id=7424","title":{"rendered":"&#8211; Matth\u00e4us"},"content":{"rendered":"<p>Hier findest du 38 Andachten zu dem Buch Matth\u00e4us.<\/p>\n<p><a href=\"http:\/\/www.jungschar.biz\/wp-content\/uploads\/JS-Werkbuch NT\/40 Matth\u00e4us 02-01 2014.pdf\" target=\"_blank\">40 Matth\u00e4us 02-01 2014<\/a><br \/>\n<a href=\"http:\/\/www.jungschar.biz\/wp-content\/uploads\/JS-Werkbuch NT\/40 Matth\u00e4us 02-13 2010.pdf\" target=\"_blank\">40 Matth\u00e4us 02-13 2010<\/a><br \/>\n<a href=\"http:\/\/www.jungschar.biz\/wp-content\/uploads\/JS-Werkbuch NT\/40 Matth\u00e4us 05-01 2007.pdf\" target=\"_blank\">40 Matth\u00e4us 05-01 2007<\/a><br \/>\n<a href=\"http:\/\/www.jungschar.biz\/wp-content\/uploads\/JS-Werkbuch NT\/40 Matth\u00e4us 05-13 2007.pdf\" target=\"_blank\">40 Matth\u00e4us 05-13 2007<\/a><br \/>\n<a href=\"http:\/\/www.jungschar.biz\/wp-content\/uploads\/JS-Werkbuch NT\/40 Matth\u00e4us 05-13 2015-1.pdf\" target=\"_blank\">40 Matth\u00e4us 05-13 2015-1<\/a><br \/>\n<a href=\"http:\/\/www.jungschar.biz\/wp-content\/uploads\/JS-Werkbuch NT\/40 Matth\u00e4us 05-13 2015-2.pdf\" target=\"_blank\">40 Matth\u00e4us 05-13 2015-2<\/a><br \/>\n<a href=\"http:\/\/www.jungschar.biz\/wp-content\/uploads\/JS-Werkbuch NT\/40 Matth\u00e4us 05-21 2015.pdf\" target=\"_blank\">40 Matth\u00e4us 05-21 2015<\/a><br \/>\n<a href=\"http:\/\/www.jungschar.biz\/wp-content\/uploads\/JS-Werkbuch NT\/40 Matth\u00e4us 06-05 2007.pdf\" target=\"_blank\">40 Matth\u00e4us 06-05 2007<\/a><br \/>\n<a href=\"http:\/\/www.jungschar.biz\/wp-content\/uploads\/JS-Werkbuch NT\/40 Matth\u00e4us 06-24 2007.pdf\" target=\"_blank\">40 Matth\u00e4us 06-24 2007<\/a><br \/>\n<a href=\"http:\/\/www.jungschar.biz\/wp-content\/uploads\/JS-Werkbuch NT\/40 Matth\u00e4us 07-12 2007.pdf\" target=\"_blank\">40 Matth\u00e4us 07-12 2007<\/a><br \/>\n<a href=\"http:\/\/www.jungschar.biz\/wp-content\/uploads\/JS-Werkbuch NT\/40 Matth\u00e4us 07-13 2014.pdf\" target=\"_blank\">40 Matth\u00e4us 07-13 2014<\/a><br \/>\n<a href=\"http:\/\/www.jungschar.biz\/wp-content\/uploads\/JS-Werkbuch NT\/40 Matth\u00e4us 08-08 2007.pdf\" target=\"_blank\">40 Matth\u00e4us 08-05 2007<\/a><br \/>\n<a href=\"http:\/\/www.jungschar.biz\/wp-content\/uploads\/JS-Werkbuch NT\/40 Matth\u00e4us 09-09 2007.pdf\" target=\"_blank\">40 Matth\u00e4us 09-09 2007<\/a><br \/>\n<a href=\"http:\/\/www.jungschar.biz\/wp-content\/uploads\/JS-Werkbuch NT\/40 Matth\u00e4us 10-16 2007.pdf\" target=\"_blank\">40 Matth\u00e4us 10-16 2007<\/a><br \/>\n<a href=\"http:\/\/www.jungschar.biz\/wp-content\/uploads\/JS-Werkbuch NT\/40 Matth\u00e4us 13-01 2007.pdf\" target=\"_blank\">40 Matth\u00e4us 13-01 2007<\/a><br \/>\n<a href=\"http:\/\/www.jungschar.biz\/wp-content\/uploads\/JS-Werkbuch NT\/40 Matth\u00e4us 13-01 2015.pdf\" target=\"_blank\">40 Matth\u00e4us 13-01 2015<\/a><br \/>\n<a href=\"http:\/\/www.jungschar.biz\/wp-content\/uploads\/JS-Werkbuch NT\/40 Matth\u00e4us 13-18 2015.pdf\" target=\"_blank\">40 Matth\u00e4us 13-18 2015<\/a><br \/>\n<a href=\"http:\/\/www.jungschar.biz\/wp-content\/uploads\/JS-Werkbuch NT\/40 Matth\u00e4us 13-24 2011.pdf\" target=\"_blank\">40 Matth\u00e4us 13-24 2011<\/a><br \/>\n<a href=\"http:\/\/www.jungschar.biz\/wp-content\/uploads\/JS-Werkbuch NT\/40 Matth\u00e4us 13-31 2015.pdf\" target=\"_blank\">40 Matth\u00e4us 13-31 2015<\/a><br \/>\n<a href=\"http:\/\/www.jungschar.biz\/wp-content\/uploads\/JS-Werkbuch NT\/40 Matth\u00e4us 14-13 2007.pdf\" target=\"_blank\">40 Matth\u00e4us 14-13 2007<\/a><br \/>\n<a href=\"http:\/\/www.jungschar.biz\/wp-content\/uploads\/JS-Werkbuch NT\/40 Matth\u00e4us 14-22 2011.pdf\" target=\"_blank\">40 Matth\u00e4us 14-22 2011<\/a><br \/>\n<a href=\"http:\/\/www.jungschar.biz\/wp-content\/uploads\/JS-Werkbuch NT\/40 Matth\u00e4us 17-01 2011.pdf\" target=\"_blank\">40 Matth\u00e4us 17-01 2011<\/a><br \/>\n<a href=\"http:\/\/www.jungschar.biz\/wp-content\/uploads\/JS-Werkbuch NT\/40 Matth\u00e4us 18-10 2007.pdf\" target=\"_blank\">40 Matth\u00e4us 18-10 2007<\/a><br \/>\n<a href=\"http:\/\/www.jungschar.biz\/wp-content\/uploads\/JS-Werkbuch NT\/40 Matth\u00e4us 19-13 2011.pdf\" target=\"_blank\">40 Matth\u00e4us 19-13 2011<\/a><br \/>\n<a href=\"http:\/\/www.jungschar.biz\/wp-content\/uploads\/JS-Werkbuch NT\/40 Matth\u00e4us 20-20 2007.pdf\" target=\"_blank\">40 Matth\u00e4us 20-20 2007<\/a><br \/>\n<a href=\"http:\/\/www.jungschar.biz\/wp-content\/uploads\/JS-Werkbuch NT\/40 Matth\u00e4us 21-01 2007.pdf\" target=\"_blank\">40 Matth\u00e4us 21-01 2007<\/a><br \/>\n<a href=\"http:\/\/www.jungschar.biz\/wp-content\/uploads\/JS-Werkbuch NT\/40 Matth\u00e4us 22-34 2011.pdf\">40 Matth\u00e4us 22-34 2011<\/a><br \/>\n<a href=\"http:\/\/www.jungschar.biz\/wp-content\/uploads\/JS-Werkbuch NT\/40 Matth\u00e4us 25-01 2007.pdf\" target=\"_blank\">40 Matth\u00e4us 25-01 2007<\/a><br \/>\n<a href=\"http:\/\/www.jungschar.biz\/wp-content\/uploads\/JS-Werkbuch NT\/40 Matth\u00e4us 25-01 2011.pdf\" target=\"_blank\">40 Matth\u00e4us 25-01 2011<\/a><br \/>\n<a href=\"http:\/\/www.jungschar.biz\/wp-content\/uploads\/JS-Werkbuch NT\/40 Matth\u00e4us 26-01 2011.pdf\" target=\"_blank\">40 Matth\u00e4us 26-01 2011<\/a><br \/>\n<a href=\"http:\/\/www.jungschar.biz\/wp-content\/uploads\/JS-Werkbuch NT\/40 Matth\u00e4us 26-06 2007.pdf\" target=\"_blank\">40 Matth\u00e4us 26-06 2007<\/a><br \/>\n<a href=\"http:\/\/www.jungschar.biz\/wp-content\/uploads\/JS-Werkbuch NT\/40 Matth\u00e4us 26-17 2011.pdf\" target=\"_blank\">40 Matth\u00e4us 26-17 2011<\/a><br \/>\n<a href=\"http:\/\/www.jungschar.biz\/wp-content\/uploads\/JS-Werkbuch NT\/40 Matth\u00e4us 26-47 2015.pdf\" target=\"_blank\">40 Matth\u00e4us 26-47 2015<\/a><br \/>\n<a href=\"http:\/\/www.jungschar.biz\/wp-content\/uploads\/JS-Werkbuch NT\/40 Matth\u00e4us 27-01 2011.pdf\" target=\"_blank\">40 Matth\u00e4us 27-01 2011<\/a><br \/>\n<a href=\"http:\/\/www.jungschar.biz\/wp-content\/uploads\/JS-Werkbuch NT\/40 Matth\u00e4us 27-11 2007.pdf\" target=\"_blank\">40 Matth\u00e4us 27-11 2007<\/a><br \/>\n<a href=\"http:\/\/www.jungschar.biz\/wp-content\/uploads\/JS-Werkbuch NT\/40 Matth\u00e4us 27-15 2015.pdf\" target=\"_blank\">40 Matth\u00e4us 27-15 2015<\/a><br \/>\n<a href=\"http:\/\/www.jungschar.biz\/wp-content\/uploads\/JS-Werkbuch NT\/40 Matth\u00e4us 28-01 2007.pdf\" target=\"_blank\">40 Matth\u00e4us 28-01 2007<\/a><br \/>\n<a href=\"http:\/\/www.jungschar.biz\/wp-content\/uploads\/JS-Werkbuch NT\/40 Matth\u00e4us 28-01 2011.pdf\" target=\"_blank\">40 Matth\u00e4us 28-01 2011<\/a><\/p>\n","protected":false},"excerpt":{"rendered":"<p>Hier findest du 38 Andachten zu dem Buch Matth\u00e4us. 40 Matth\u00e4us 02-01 2014 40 Matth\u00e4us 02-13 2010 40 Matth\u00e4us 05-01 2007 40 Matth\u00e4us 05-13 2007 40 Matth\u00e4us 05-13 2015-1 40 Matth\u00e4us 05-13 2015-2 40 Matth\u00e4us 05-21 2015 40 Matth\u00e4us 06-05 2007 40 Matth\u00e4us 06-24 2007 40 Matth\u00e4us 07-12 2007 40 Matth\u00e4us 07-13 2014 40 Matth\u00e4us [&hellip;]<\/p>\n","protected":false},"author":3,"featured_media":0,"parent":7353,"menu_order":40,"comment_status":"closed","ping_status":"closed","template":"","meta":{"ngg_post_thumbnail":0},"_links":{"self":[{"href":"http:\/\/www.jungschar.biz\/index.php?rest_route=\/wp\/v2\/pages\/7424"}],"collection":[{"href":"http:\/\/www.jungschar.biz\/index.php?rest_route=\/wp\/v2\/pages"}],"about":[{"href":"http:\/\/www.jungschar.biz\/index.php?rest_route=\/wp\/v2\/types\/page"}],"author":[{"embeddable":true,"href":"http:\/\/www.jungschar.biz\/index.php?rest_route=\/wp\/v2\/users\/3"}],"replies":[{"embeddable":true,"href":"http:\/\/www.jungschar.biz\/index.php?rest_route=%2Fwp%2Fv2%2Fcomments&post=7424"}],"version-history":[{"count":10,"href":"http:\/\/www.jungschar.biz\/index.php?rest_route=\/wp\/v2\/pages\/7424\/revisions"}],"predecessor-version":[{"id":7556,"href":"http:\/\/www.jungschar.biz\/index.php?rest_route=\/wp\/v2\/pages\/7424\/revisions\/7556"}],"up":[{"embeddable":true,"href":"http:\/\/www.jungschar.biz\/index.php?rest_route=\/wp\/v2\/pages\/7353"}],"wp:attachment":[{"href":"http:\/\/www.jungschar.biz\/index.php?rest_route=%2Fwp%2Fv2%2Fmedia&parent=7424"}],"curies":[{"name":"wp","href":"https:\/\/api.w.org\/{rel}","templated":true}]}}