{"id":628,"date":"2010-02-14T12:21:48","date_gmt":"2010-02-14T11:21:48","guid":{"rendered":"http:\/\/www.jungschar.biz\/w\/?page_id=628"},"modified":"2014-01-25T13:41:12","modified_gmt":"2014-01-25T12:41:12","slug":"%e2%80%ba-spaherprufung","status":"publish","type":"page","link":"http:\/\/www.jungschar.biz\/?page_id=628","title":{"rendered":"Sp\u00e4herpr\u00fcfung"},"content":{"rendered":"<h4><strong><span style=\"color: #008000;\">Sp\u00e4her- und Spezialpr\u00fcfungen f\u00fcr Jungscharler.<\/span><\/strong><\/h4>\n<h5><strong>Die Pr\u00fcfungen k\u00f6nnen sowohl in der Jungschar als auch in Freizeiten und Lagern durchgef\u00fchrt werden.<br \/>\n<\/strong><span style=\"color: #ff0000;\">In der Testsammlung hatte sich ein Fehler eingeschlichen: Bibelkundetests Seiten 2 und 4.<\/span><strong><br \/>\n<span style=\"color: #008000;\">Die Seiten sind jetzt korrigiert.<\/span> <\/strong><\/h5>\n<p><strong><br \/>\n<\/strong><\/p>\n<p><strong><span style=\"color: #ff0000;\">\u2022<\/span> <a href=\"http:\/\/www.jungschar.biz\/wp-content\/uploads\/Pruefungen\/Spaeher\/Spaeherpruefung 2014-01.pdf\" target=\"_blank\">Pr\u00fcfungsheft (komplett)<\/a><\/strong><\/p>\n<p><strong><span style=\"color: #ffffff;\">&#8212;<\/span><\/strong><span style=\"color: #0000ff;\">Hier die einzelnen Kapitel:<\/span><strong><span style=\"color: #ffffff;\"><br \/>\n&#8212;<\/span>&#8211; <a href=\"http:\/\/www.jungschar.biz\/wp-content\/uploads\/Pruefungen\/Spaeher\/Umschlagseiten 2013-11.pdf\" target=\"_blank\">Umschlagseiten<\/a><br \/>\n<strong><span style=\"color: #ffffff;\">&#8212;<\/span>&#8211; <a href=\"http:\/\/www.jungschar.biz\/wp-content\/uploads\/Pruefungen\/Spaeher\/Bibelkunde 2013-11.pdf\" target=\"_blank\">Bibelkunde<\/a><\/strong><br \/>\n<strong><span style=\"color: #ffffff;\">&#8212;<\/span>&#8211; <a href=\"http:\/\/www.jungschar.biz\/wp-content\/uploads\/Pruefungen\/Spaeher\/CVJM und Jungschar 2013-11.pdf\" target=\"_blank\">CVJM \/ Jungschar<\/a><\/strong><br \/>\n<strong><span style=\"color: #ffffff;\">&#8212;<\/span>&#8211; <a href=\"http:\/\/www.jungschar.biz\/wp-content\/uploads\/Pruefungen\/Spaeher\/Knoten 2013-11.pdf\" target=\"_blank\">Knoten<\/a><\/strong><br \/>\n<strong><span style=\"color: #ffffff;\">&#8212;<\/span>&#8211; <a href=\"http:\/\/www.jungschar.biz\/wp-content\/uploads\/Pruefungen\/Spaeher\/Karte und Kompass 2013-11.pdf\" target=\"_blank\">Karte und Kompass<\/a><\/strong><br \/>\n<strong><span style=\"color: #ffffff;\">&#8212;<\/span>&#8211; <a href=\"http:\/\/www.jungschar.biz\/wp-content\/uploads\/Pruefungen\/Spaeher\/Feuerstelle 2013-11.pdf\" target=\"_blank\">Feuerstelle<\/a><\/strong><br \/>\n<strong><span style=\"color: #ffffff;\">&#8212;<\/span>&#8211; <a href=\"http:\/\/www.jungschar.biz\/wp-content\/uploads\/Pruefungen\/Spaeher\/Erste Hilfe 2013-11.pdf\" target=\"_blank\">Erste Hilfe<\/a><\/strong><br \/>\n<strong><span style=\"color: #ffffff;\">&#8212;<\/span>&#8211; <a href=\"http:\/\/www.jungschar.biz\/wp-content\/uploads\/Pruefungen\/Spaeher\/Lagerkunst und Werkzeugkunde 2013-11.pdf\" target=\"_blank\">Lagerkunst \/ Werkzeugkunde<\/a><\/strong><br \/>\n<strong><span style=\"color: #ffffff;\">&#8212;<\/span>&#8211; <a href=\"http:\/\/www.jungschar.biz\/wp-content\/uploads\/Pruefungen\/Spaeher\/Geheimschrift 2013-11.pdf\" target=\"_blank\">Geheimschrift<\/a><br \/>\n<\/strong><span style=\"color: #ffffff;\">&#8212;<\/span>&#8211; <a href=\"http:\/\/www.jungschar.biz\/wp-content\/uploads\/Pruefungen\/Spaeher\/Pruefungsbescheinigungen Spaeher.pdf\" target=\"_blank\">Pr\u00fcfungsbest\u00e4tigungen<\/a> <\/strong>(Sp\u00e4herpr\u00fcfungen)<\/p>\n<p><strong><span style=\"color: #ff0000;\">\u2022<\/span> <a href=\"http:\/\/www.jungschar.biz\/wp-content\/uploads\/Pruefungen\/Spaeher\/Spaeherpruefung Tests 2014-01.pdf\" target=\"_blank\">Sp\u00e4herpr\u00fcfungs-Tests<\/a><\/strong><\/p>\n<h5><span style=\"color: #c0c0c0;\">\u2013<\/span><\/h5>\n<h5><span style=\"color: #ff0000;\"><strong>\u2039<\/strong><\/span> <a href=\"http:\/\/www.jungschar.biz\/?page_id=628\">nach oben<\/a><\/h5>\n<h5><span style=\"color: #ff0000;\"><strong>\u2039<\/strong><\/span> <span style=\"color: #008000;\"><a href=\"http:\/\/www.jungschar.biz\/?page_id=626\">zur\u00fcck zu den<\/a> <span style=\"color: #ff0000;\">\u00bb<\/span> <a href=\"http:\/\/www.jungschar.biz\/?page_id=626\">Pr\u00fcfungen<\/a><\/span><\/h5>\n<h5><span style=\"color: #ff0000;\"><strong>\u2039<\/strong><\/span> <span style=\"color: #008000;\"><a href=\"http:\/\/www.jungschar.biz\/?page_id=120\">zur\u00fcck zu Downloads<\/a> <span style=\"color: #ff0000;\">\u2022<\/span> <a href=\"http:\/\/www.jungschar.biz\/?page_id=120\">CVJM-Jungschar b\u00fcndisch<\/a><\/span><\/h5>\n<h5><span style=\"color: #ff0000;\"><strong>\u2039<\/strong><\/span> <a href=\"http:\/\/www.jungschar.biz\/?page_id=10\">zur\u00fcck zu <strong>Downloads<\/strong><\/a><\/h5>\n<h5><span style=\"color: #ff0000;\"><strong>\u2039<\/strong><\/span> <a href=\"http:\/\/www.jungschar.biz\/\">zur\u00fcck zur <strong>Startseite<\/strong><\/a><\/h5>\n","protected":false},"excerpt":{"rendered":"<p>Sp\u00e4her- und Spezialpr\u00fcfungen f\u00fcr Jungscharler. Die Pr\u00fcfungen k\u00f6nnen sowohl in der Jungschar als auch in Freizeiten und Lagern durchgef\u00fchrt werden. In der Testsammlung hatte sich ein Fehler eingeschlichen: Bibelkundetests Seiten 2 und 4. Die Seiten sind jetzt korrigiert. \u2022 Pr\u00fcfungsheft (komplett) &#8212;Hier die einzelnen Kapitel: &#8212;&#8211; Umschlagseiten &#8212;&#8211; Bibelkunde &#8212;&#8211; CVJM \/ Jungschar &#8212;&#8211; Knoten [&hellip;]<\/p>\n","protected":false},"author":3,"featured_media":0,"parent":626,"menu_order":0,"comment_status":"closed","ping_status":"closed","template":"","meta":{"ngg_post_thumbnail":0},"_links":{"self":[{"href":"http:\/\/www.jungschar.biz\/index.php?rest_route=\/wp\/v2\/pages\/628"}],"collection":[{"href":"http:\/\/www.jungschar.biz\/index.php?rest_route=\/wp\/v2\/pages"}],"about":[{"href":"http:\/\/www.jungschar.biz\/index.php?rest_route=\/wp\/v2\/types\/page"}],"author":[{"embeddable":true,"href":"http:\/\/www.jungschar.biz\/index.php?rest_route=\/wp\/v2\/users\/3"}],"replies":[{"embeddable":true,"href":"http:\/\/www.jungschar.biz\/index.php?rest_route=%2Fwp%2Fv2%2Fcomments&post=628"}],"version-history":[{"count":71,"href":"http:\/\/www.jungschar.biz\/index.php?rest_route=\/wp\/v2\/pages\/628\/revisions"}],"predecessor-version":[{"id":640,"href":"http:\/\/www.jungschar.biz\/index.php?rest_route=\/wp\/v2\/pages\/628\/revisions\/640"}],"up":[{"embeddable":true,"href":"http:\/\/www.jungschar.biz\/index.php?rest_route=\/wp\/v2\/pages\/626"}],"wp:attachment":[{"href":"http:\/\/www.jungschar.biz\/index.php?rest_route=%2Fwp%2Fv2%2Fmedia&parent=628"}],"curies":[{"name":"wp","href":"https:\/\/api.w.org\/{rel}","templated":true}]}}