{"id":491,"date":"2010-02-11T14:24:10","date_gmt":"2010-02-11T13:24:10","guid":{"rendered":"http:\/\/www.jungschar.biz\/w\/?page_id=491"},"modified":"2019-06-13T13:58:20","modified_gmt":"2019-06-13T12:58:20","slug":"%c2%bb-a","status":"publish","type":"page","link":"http:\/\/www.jungschar.biz\/?page_id=491","title":{"rendered":"\u2022 A"},"content":{"rendered":"<h5><span style=\"color: #ff0000;\"><strong>\u2039<\/strong><\/span> <a href=\"http:\/\/www.jungschar.biz\/?page_id=453\">zur\u00fcck zum <strong>Lexikon<\/strong><\/a><\/h5>\n<h5><span style=\"color: #ffffff;\">\u2013<\/span><\/h5>\n<h2><span style=\"color: #000080;\"><span style=\"color: #ff0000;\">\u2022<\/span> Abzeichen<\/span><\/h2>\n<p style=\"text-align: left;\">Abzeichen (Zeichen, Symbole) begegnen uns von jeher in vielfacher Weise. Es gibt sie in Stein gemei\u00dfelt, auf Kupfer emailliert, auf Stoff gestickt und auf Papier gedruckt. Nicht zu vergessen das weite Fachgebiet der Heraldik (Wappenkunde). Ein Zeichen zeigt an, zu wem sich der Tr\u00e4ger bekennt oder wem eine Sache geh\u00f6rt.<br \/>\nIn der Jungschar haben wir es vor allem mit zwei Abzeichen zu tun :<\/p>\n<h5><span style=\"color: #000080;\"><span style=\"color: #ff0000;\"><strong>\u203a<\/strong><\/span> <a href=\"#ankerkreuz\">Ankerkreuz<\/a><br \/>\n<\/span><\/h5>\n<h5><span style=\"color: #000080;\"><span style=\"color: #ff0000;\"><strong>\u203a<\/strong><\/span> <a href=\"http:\/\/www.jungschar.biz\/?page_id=495#CVJMDreieck\" target=\"_blank\">CVJM-Dreieck<\/a><\/span><\/h5>\n<h5><span style=\"color: #000080;\"><span style=\"color: #ffffff;\">\u2013<\/span><br \/>\n<\/span><\/h5>\n<p style=\"text-align: left;\">In unserer Jungschar darf derjenige die beiden Zeichen auf dem Fahrtenhemd tragen, der die Bedeutung der Zeichen kennt.<\/p>\n<p style=\"text-align: left;\">Die Verwendung von Abzeichen in der Jungschar ist aber nicht auf diese beiden Zeichen beschr\u00e4nkt. In vielen Jungscharen gibt es sch\u00f6ne Abzeichen zu den unterschiedlichsten Anl\u00e4ssen, als Aufn\u00e4her, Aufkleber, Emailleabzeichen, Buttons und vieles mehr. Es gibt sie als Preise f\u00fcr Wettbewerbe, als Zeichen der Treue und auch als Zeichen einer bestandenen Pr\u00fcfung. Und gerade heute sind Abzeichen aller Art ja gro\u00df in Mode.<\/p>\n<p style=\"text-align: left;\">Hierzu ein Beispiel: In einigen Bereichen des CVJM-Westbundes beginnt die Schulung von Jungscharmitarbeitern bereits im Jungscharalter. Begabte \u00e4ltere Jungscharler werden in ihrer Jungschar H\u00e4uptling (mitverantwortlich f\u00fcr eine Kleingruppe von 6 Jungscharlern). Sie werden eingeladen zu speziellen altersgem\u00e4\u00dfen Schulungswochen, den H\u00e4uptlingsfreizeiten. Den Abschluss nach vier H\u00e4uptlingsfreizeiten bildet die H\u00e4uptlingspr\u00fcfung. Die Teilnehmer erhalten eine Urkunde und den hei\u00df begehrten \u00bbsilbernen Halstuchring\u00ab mit dem Eichenkreuzabzeichen. Warum ist der \u00bbsilberne Halstuchring\u00ab so begehrt? Ist es wegen dem feinen Glanz? Ist es, weil man bei anderen damit Eindruck machen kann, weil man dann sieht, dass man ausgebildeter H\u00e4uptling ist? Nun macht ein sch\u00f6ner Halstuchring oder ein sch\u00f6nes Abzeichen noch keinen guten Mitarbeiter. Aber gute Mitarbeiter werden immer wieder Schulungen und Kurse besuchen.<br \/>\nDer \u00bbsilberne Halstuchring\u00ab verpflichtet:<br \/>\nWer ihn tr\u00e4gt, zeigt damit, dass er etwas kann und dass man von ihm etwas erwarten darf.<br \/>\nWer ihn tr\u00e4gt, bezeugt damit, dass er seine Gaben f\u00fcr andere einsetzen will. Er wei\u00df, dass er seine Gaben von Gott empfangen hat. Stolz ist da fehl am Platz. Wie wir mit den Gaben umgehen, ob und wie wir sie einsetzen und trainieren, das h\u00e4ngt dann mit unserem Willen und unserer Bereitschaft zum Gehorsam ab. Aber auch trainierte Gaben sind niemals ein Sockel, auf den wir uns mit Stolz stellen sollen. Die Ehre geh\u00f6rt Gott.<br \/>\nDer \u00bbsilberne Halstuchring\u00ab soll ein Grund zur Freude sein. Wer ihn tr\u00e4gt, soll sich freuen, dass er lernen und wachsen durfte, um andern besser zu dienen.<\/p>\n<p style=\"text-align: left;\">F\u00fcr die verschiedenen Wettbewerbe in unserer Jungschar gibt es Abzeichen in mehreren Farben und mit unterschiedlichen Symbolen. Wir tragen sie an einem B\u00e4ndchen auf der rechten Brusttasche des Fahrtenhemdes. Am Ende des Jahres, einer Freizeit oder eines Wettbewerbes werden die Abzeichen in feierlicher Form verliehen. Es gibt Abzeichen f\u00fcr: regelm\u00e4\u00dfigen Jungschar-Besuch, Jungschar-Zehnkampf (Sport und Spiel), Waldlaufmeisterschaft usw.<\/p>\n<p style=\"text-align: left;\">In unseren Ritterlagern gibt es die Ordnungsmedaille f\u00fcr den gewonnenen Ordnungswettkampf und das Lagerzeichen (Zelt mit Kreuz und Fahnenmast) f\u00fcr 2-, 4-, 6- und mehrmalige Teilnahme an einem Ritterlager. Stolz tragen die Mannen, Knappen, Junker und Ritter auch ihren Button mit Namen und Burgwappen.<\/p>\n<h5><span style=\"color: #ff0000;\">\u2039<\/span> <a href=\"http:\/\/www.jungschar.biz\/?page_id=491\">nach oben<br \/>\n<span style=\"color: #ffffff;\"><br \/>\n<\/span><\/a><\/h5>\n<h2><span style=\"color: #ff0000;\">\u2022<\/span> <a name=\"ankerkreuz\"><\/a><span style=\"color: #000080;\">Andacht<\/span><\/h2>\n<p><span style=\"color: #000080;\"><span style=\"color: #000000;\">Zum Standardprogramm der b\u00fcndischen Jungschar geh\u00f6rt die w\u00f6chentliche Andacht.<br \/>\nBew\u00e4hrt haben sich die Arbeitshilfen \u00bb<a href=\"https:\/\/www.zeit-fuer-kids.de\/mit-kindern-die-bibel-entdecken\" target=\"_blank\">Mit K\u00edndern die Bibel entdecken<\/a>\u00ab von der Christlichen Verlagsgesellschaft Dillenburg und die <a href=\"http:\/\/www.jungschar.biz\/?page_id=7353\" target=\"_blank\">Andachten aus dem Jungschar-Werkbuch<\/a>.<\/span><\/span><span style=\"color: #ffffff;\">\u2013<\/span><\/p>\n<h2><span style=\"color: #000080;\"><span style=\"color: #ff0000;\">\u2022<\/span> <a name=\"ankerkreuz\"><\/a>Ankerkreuz<br \/>\n<\/span><\/h2>\n<p><span style=\"color: #000080;\"> <\/span><img decoding=\"async\" loading=\"lazy\" class=\"alignleft\" title=\"Ankerkreuzaufn\u00e4her\" src=\"http:\/\/www.jungschar.biz\/wp-content\/uploads\/Lexikon\/Ankerkreuz-klein.gif\" alt=\"\" width=\"103\" height=\"122\" \/>Schon die ersten Christen malten ein Geheimzeichen an die W\u00e4nde ihrer Katakomben, einen Fisch. Ein Zeichen, das unserem Ankerkreuz entspricht, fand man in einer Katakombe aus dem 3. Jahrhundert in die Wand geritzt. Es war ein Kreuz mit den Ankerhaken am unteren Ende.<\/p>\n<p style=\"text-align: left;\">Unser Ankerkreuz, das \u00bbJungscharabzeichen\u00ab, wurde 1920 von Hans Klopfer entworfen. Es will uns ein Vierfaches deutlich machen :<br \/>\nDas <strong>Kreuz<\/strong> ist eines der \u00e4ltesten Symbole \u00fcberhaupt. Es ist seit dem Kreuzestod Jesu Zeichen des christlichen Glaubens. Im Ankerkreuz ist es das eindeutigste und wichtigste Symbol. Die Jungschar bezieht im Bekenntnis zum Kreuz ganz klar Stellung f\u00fcr Jesus Christus.<br \/>\nDer <strong>Anker<\/strong> erinnert daran, dass ein Schiff gesichert ist, wenn es einen festen Grund f\u00fcr seinen Anker hat, einen Grund, auf den es sich verlassen kann, wenn St\u00fcrme aufkommen. Der Anker im Ankerkreuz weist auf den festen Grund hin, auf den sich die Christen verlassen: ihren Herrn Jesus Christus. Christen aber sind Menschen, die vorw\u00e4rts schauen, nicht \u00e4ngstlich und sorgend, sondern fr\u00f6hlich und getrost. Sie wissen: Wir sind nie und nirgends allein. An jedem Tag und in alle Zukunft sind wir unter Gottes Augen und in Gottes H\u00e4nden. Diese fr\u00f6hliche Zuversicht nennt der Schreiber des Hebr\u00e4erbriefes (6\/19) einen \u201esicheren und festen Anker unsrer Seele\u201c.<br \/>\nDer <strong>Ring<\/strong> gilt allgemein als Zeichen der Gemeinschaft und Verbundenheit. Er will sagen: Wir Tr\u00e4ger dieses Zeichens geh\u00f6ren zusammen, keiner steht f\u00fcr sich allein. Wir als Jungscharler unserer Gruppe, unseres Bundes und Landes geh\u00f6ren zusammen. Das Wissen, mit vielen Tausenden von Jungscharlern im Namen Jesu Christi verbunden zu sein, ist eine erhebende und st\u00e4rkende Sache.<br \/>\nDie <strong>Farbe<\/strong> des Ankerkreuzes ist <strong>silber<\/strong> oder <strong>wei\u00df<\/strong>. In der Heraldik bedeuten diese Farben Reinheit, Klarheit, Wahrheit. Das gleiche gilt f\u00fcr unser Ankerkreuz. Die Farbe erinnert uns an Jesu Wort: \u201eSelig sind, die reines Herzens sind.\u201c (Matth. 5\/8) und an das Psalmgebet: \u201eSchaffe in mir, Gott, ein reines Herz!\u201c (Psalm 51\/12)<\/p>\n<p style=\"text-align: left;\">Wir tragen das Ankerkreuzabzeichen auf der linken Brusttasche (Herzseite) unseres Fahrtenhemdes.<\/p>\n<h5><span style=\"color: #ff0000;\">\u2039<\/span> <a href=\"http:\/\/www.jungschar.biz\/?page_id=491\">nach oben<br \/>\n<\/a><span style=\"color: #ffffff;\">.<\/span><\/h5>\n<h2><span style=\"color: #000080;\"><span style=\"color: #ff0000;\">\u2022<\/span> Aufkleber<\/span><\/h2>\n<p style=\"text-align: left;\">Neben Abzeichen aller Art sind Aufkleber eine gute und einfache M\u00f6glichkeit, sich mit einem Verein, einer Gruppe oder einer Sache zu identifizieren.<br \/>\nAufkleber sind leicht herzustellen, einfach anzubringen, sind (bei gr\u00f6\u00dferer St\u00fcckzahl) billig in der Anschaffung und haben in der \u00d6ffentlichkeit eine gro\u00dfe Werbewirksamkeit.<br \/>\nAufkleber finden wir am Auto, auf Schulranzen und Schreibm\u00e4ppchen, auf B\u00fcchern und auf T\u00fcren.<br \/>\nWer durch Aufkleber f\u00fcr die Jungschar Werbung machen will, findet ein reichhaltiges Angebot bei <a href=\"http:\/\/www.fahrtenbedarf.de\/ff-shopseiten\/abzeichen.html\" target=\"_blank\">F&amp;F<\/a>.<br \/>\nAuch die Herstellung von eigenen Aufklebern in kleiner St\u00fcckzahl ist heute kein gro\u00dfes Problem mehr.<br \/>\nWer etwas zeichnerische begabt ist, kann seinen speziellen Aufkleber entwerfen, auf Klebefolie kopieren und anschlie\u00dfend ausschneiden. Und wer gar einen Computer mit einem rechtm\u00e4\u00dfig erworbenen Grafikprogramm sein eigen nennt (z. B. Corel Draw!), kann hier sogar kleine Kunstwerke entwerfen. Hiermit kann man gezielt f\u00fcr eine Aktion der Jungschar werben: Jeder angemeldete Lagerteilnehmer bekommt z.B. schon vor dem Lager einen Lageraufkleber.<br \/>\nAn dieser Stelle seien auch die Buttons genannt. Manche Jungscharler tragen die bei einer Aktion ausgegebenen Buttons noch Jahre sp\u00e4ter voller Stolz. Hier k\u00f6nnen die gleichen Motive wie f\u00fcr den Aufkleber verwendet werden, nur etwas kleiner.<br \/>\nButtonmaschinen in verschiedenen Gr\u00f6\u00dfen und Preislagen gibt es unter anderem bei F&amp;F oder k\u00f6nnen vielleicht auch ausgeliehen werden.<\/p>\n<h5><span style=\"color: #c0c0c0;\">\u2013<\/span><\/h5>\n<h5><span style=\"color: #ff0000;\"><strong>\u2039<\/strong><\/span> <a href=\"http:\/\/www.jungschar.biz\/?page_id=491\">nach oben<\/a><\/h5>\n<h5><span style=\"color: #ff0000;\"><strong>\u2039<\/strong><\/span> <a href=\"http:\/\/www.jungschar.biz\/?page_id=453\">zur\u00fcck zum <strong>Lexikon<\/strong><\/a><\/h5>\n<h5><strong><span style=\"color: #ff0000;\">\u2039<\/span><\/strong> <a href=\"http:\/\/www.jungschar.biz\">zur\u00fcck zur <strong>Startseite<\/strong><\/a><\/h5>\n<h5><span style=\"color: #ffffff;\">\u2013<\/span><\/h5>\n","protected":false},"excerpt":{"rendered":"<p>\u2039 zur\u00fcck zum Lexikon \u2013 \u2022 Abzeichen Abzeichen (Zeichen, Symbole) begegnen uns von jeher in vielfacher Weise. Es gibt sie in Stein gemei\u00dfelt, auf Kupfer emailliert, auf Stoff gestickt und auf Papier gedruckt. Nicht zu vergessen das weite Fachgebiet der Heraldik (Wappenkunde). Ein Zeichen zeigt an, zu wem sich der Tr\u00e4ger bekennt oder wem eine [&hellip;]<\/p>\n","protected":false},"author":3,"featured_media":0,"parent":453,"menu_order":0,"comment_status":"closed","ping_status":"closed","template":"","meta":{"ngg_post_thumbnail":0},"_links":{"self":[{"href":"http:\/\/www.jungschar.biz\/index.php?rest_route=\/wp\/v2\/pages\/491"}],"collection":[{"href":"http:\/\/www.jungschar.biz\/index.php?rest_route=\/wp\/v2\/pages"}],"about":[{"href":"http:\/\/www.jungschar.biz\/index.php?rest_route=\/wp\/v2\/types\/page"}],"author":[{"embeddable":true,"href":"http:\/\/www.jungschar.biz\/index.php?rest_route=\/wp\/v2\/users\/3"}],"replies":[{"embeddable":true,"href":"http:\/\/www.jungschar.biz\/index.php?rest_route=%2Fwp%2Fv2%2Fcomments&post=491"}],"version-history":[{"count":63,"href":"http:\/\/www.jungschar.biz\/index.php?rest_route=\/wp\/v2\/pages\/491\/revisions"}],"predecessor-version":[{"id":1082,"href":"http:\/\/www.jungschar.biz\/index.php?rest_route=\/wp\/v2\/pages\/491\/revisions\/1082"}],"up":[{"embeddable":true,"href":"http:\/\/www.jungschar.biz\/index.php?rest_route=\/wp\/v2\/pages\/453"}],"wp:attachment":[{"href":"http:\/\/www.jungschar.biz\/index.php?rest_route=%2Fwp%2Fv2%2Fmedia&parent=491"}],"curies":[{"name":"wp","href":"https:\/\/api.w.org\/{rel}","templated":true}]}}