{"id":3451,"date":"2010-10-05T13:41:54","date_gmt":"2010-10-05T12:41:54","guid":{"rendered":"http:\/\/www.jungschar.biz\/w\/?page_id=3451"},"modified":"2012-03-09T11:53:20","modified_gmt":"2012-03-09T10:53:20","slug":"%e2%80%a2-hauptlingsfreizeiten","status":"publish","type":"page","link":"http:\/\/www.jungschar.biz\/?page_id=3451","title":{"rendered":"\u2022 H\u00e4uptlingsfreizeit \/ -pr\u00fcfung"},"content":{"rendered":"<p>Downloads f\u00fcr H\u00e4uptlingsfreizeiten findet man unter\u00a0<strong><span style=\"color: #ff0000;\">\u2022<\/span><\/strong> <a href=\"http:\/\/www.jungschar.biz\/?page_id=2151\">CVJM-Jungschar b\u00fcndich<\/a> <strong><span style=\"color: #ff0000;\">\u00bb<\/span><\/strong> <a href=\"http:\/\/www.jungschar.biz\/?page_id=2151\">H\u00e4uptlingsfreizeit<\/a>.<\/p>\n<p>Downloads f\u00fcr H\u00e4uptlingspr\u00fcfungen findet man unter <strong><span style=\"color: #ff0000;\">\u2022<\/span><\/strong> <a href=\"http:\/\/www.jungschar.biz\/?page_id=715\">CVJM-Jungschar b\u00fcndisch<\/a> <strong><span style=\"color: #ff0000;\">\u00bb<\/span><\/strong> <a href=\"http:\/\/www.jungschar.biz\/?page_id=715\">H\u00e4uptlingspr\u00fcfung<\/a>.<\/p>\n<h5><span style=\"color: #888888;\">\u2013<\/span><\/h5>\n<h5><strong><span style=\"color: #ff0000;\">\u2039<\/span><\/strong> <a href=\"http:\/\/www.jungschar.biz\/?page_id=120\">nach oben<\/a><\/h5>\n<h5><strong><span style=\"color: #ff0000;\">\u2039<\/span><\/strong> <a href=\"http:\/\/www.jungschar.biz\/?page_id=10\">zur\u00fcck zu <strong>Downloads<\/strong><\/a><\/h5>\n<h5><strong><span style=\"color: #ff0000;\">\u2039<\/span><\/strong> <a href=\"http:\/\/www.jungschar.biz\/\">zur\u00fcck zur <strong>Startseite<\/strong><\/a><\/h5>\n<h5><span style=\"color: #888888;\">\u2013<\/span><\/h5>\n","protected":false},"excerpt":{"rendered":"<p>Downloads f\u00fcr H\u00e4uptlingsfreizeiten findet man unter\u00a0\u2022 CVJM-Jungschar b\u00fcndich \u00bb H\u00e4uptlingsfreizeit. Downloads f\u00fcr H\u00e4uptlingspr\u00fcfungen findet man unter \u2022 CVJM-Jungschar b\u00fcndisch \u00bb H\u00e4uptlingspr\u00fcfung. \u2013 \u2039 nach oben \u2039 zur\u00fcck zu Downloads \u2039 zur\u00fcck zur Startseite \u2013<\/p>\n","protected":false},"author":3,"featured_media":0,"parent":10,"menu_order":8,"comment_status":"closed","ping_status":"closed","template":"","meta":{"ngg_post_thumbnail":0},"_links":{"self":[{"href":"http:\/\/www.jungschar.biz\/index.php?rest_route=\/wp\/v2\/pages\/3451"}],"collection":[{"href":"http:\/\/www.jungschar.biz\/index.php?rest_route=\/wp\/v2\/pages"}],"about":[{"href":"http:\/\/www.jungschar.biz\/index.php?rest_route=\/wp\/v2\/types\/page"}],"author":[{"embeddable":true,"href":"http:\/\/www.jungschar.biz\/index.php?rest_route=\/wp\/v2\/users\/3"}],"replies":[{"embeddable":true,"href":"http:\/\/www.jungschar.biz\/index.php?rest_route=%2Fwp%2Fv2%2Fcomments&post=3451"}],"version-history":[{"count":15,"href":"http:\/\/www.jungschar.biz\/index.php?rest_route=\/wp\/v2\/pages\/3451\/revisions"}],"predecessor-version":[{"id":3458,"href":"http:\/\/www.jungschar.biz\/index.php?rest_route=\/wp\/v2\/pages\/3451\/revisions\/3458"}],"up":[{"embeddable":true,"href":"http:\/\/www.jungschar.biz\/index.php?rest_route=\/wp\/v2\/pages\/10"}],"wp:attachment":[{"href":"http:\/\/www.jungschar.biz\/index.php?rest_route=%2Fwp%2Fv2%2Fmedia&parent=3451"}],"curies":[{"name":"wp","href":"https:\/\/api.w.org\/{rel}","templated":true}]}}