{"id":2157,"date":"2010-04-02T11:37:41","date_gmt":"2010-04-02T10:37:41","guid":{"rendered":"http:\/\/www.jungschar.biz\/w\/?page_id=2157"},"modified":"2023-02-25T17:11:32","modified_gmt":"2023-02-25T16:11:32","slug":"%e2%80%ba-unterrichtsmaterial","status":"publish","type":"page","link":"http:\/\/www.jungschar.biz\/?page_id=2157","title":{"rendered":"\u203a Unterrichtsmaterial"},"content":{"rendered":"<p><span style=\"color: #008000;\"><strong>Zu den einzelnen F\u00e4chern gibt es :<br \/>\n<\/strong><strong><span style=\"color: #ff0000;\">\u00bb<\/span> <span style=\"color: #993300;\">Arbeits- und \u00dcbungsmaterial f\u00fcr die Dozenten,<\/span><br \/>\n<\/strong><\/span><strong><span style=\"color: #ff0000;\">\u00bb<\/span> <span style=\"color: #666699;\">Ausz\u00fcge aus dem H\u00e4uptlingsbuch,<\/span><\/strong><span style=\"color: #008000;\"><strong><span style=\"color: #006666;\"><br \/>\n<span style=\"color: #ff0000;\">\u00bb<\/span> Handzettel und<\/span><br \/>\n<span style=\"color: #ff0000;\">\u00bb<\/span> <span style=\"color: #000080;\">Erg\u00e4nzungen f\u00fcr das H\u00e4uptlingsbuch<\/span><\/strong><\/span><\/p>\n<p style=\"padding-left: 30px;\"><span style=\"color: #008000;\"><span style=\"color: #000080;\"><span style=\"color: #ff0000;\"><strong>\u203a<\/strong><\/span> <a href=\"http:\/\/www.jungschar.biz\/?page_id=2160\" target=\"_blank\">Bibelkunde<\/a><br \/>\n<span style=\"color: #ff0000;\"><strong>\u203a<\/strong> <span style=\"color: #000080;\"><a href=\"http:\/\/www.jungschar.biz\/?page_id=2183\" target=\"_blank\">Kirchengeschichte<br \/>\n<\/a><span style=\"color: #ff0000;\"><strong>\u203a<\/strong><\/span> <a href=\"http:\/\/www.jungschar.biz\/?page_id=2185\" target=\"_blank\">CVJM-Geschichte<\/a><br \/>\n<strong><span style=\"color: #ff0000;\">\u203a<\/span><\/strong> <a href=\"http:\/\/www.jungschar.biz\/?page_id=2194\">Andacht<\/a><br \/>\n<strong><span style=\"color: #ff0000;\">\u203a<\/span><\/strong> <a href=\"http:\/\/www.jungschar.biz\/?page_id=2189\" target=\"_blank\">H\u00e4uptling<br \/>\n<\/a><strong><span style=\"color: #ff0000;\">\u203a<\/span><\/strong> <a href=\"http:\/\/www.jungschar.biz\/?page_id=2202\" target=\"_blank\">Erz\u00e4hlen<\/a><br \/>\n<strong><span style=\"color: #ff0000;\">\u203a<\/span><\/strong> <a href=\"http:\/\/www.jungschar.biz\/?page_id=2211\" target=\"_blank\">Lagerkunst<\/a><br \/>\n<strong><span style=\"color: #ff0000;\">\u203a<\/span><\/strong> <a href=\"http:\/\/www.jungschar.biz\/?page_id=2219\" target=\"_blank\">Werkzeugkunde<\/a><br \/>\n<strong><span style=\"color: #ff0000;\">\u203a<\/span><\/strong> <a href=\"http:\/\/www.jungschar.biz\/?page_id=2222\" target=\"_blank\">Feuerstellen<\/a><br \/>\n<strong><span style=\"color: #ff0000;\">\u203a<\/span><\/strong> <a href=\"http:\/\/www.jungschar.biz\/?page_id=2225\" target=\"_blank\">Karte und Kompass<\/a><br \/>\n<strong><span style=\"color: #ff0000;\">\u203a<\/span><\/strong> <a href=\"http:\/\/www.jungschar.biz\/?page_id=2227\" target=\"_blank\">Knoten<br \/>\n<\/a><strong><span style=\"color: #ff0000;\">\u203a<\/span><\/strong> <a href=\"http:\/\/www.jungschar.biz\/?page_id=2229\" target=\"_blank\">1. Hilfe<\/a><br \/>\n<strong><span style=\"color: #ff0000;\">\u203a<\/span><\/strong> <a href=\"http:\/\/www.jungschar.biz\/?page_id=2233\" target=\"_blank\">Heraldik<\/a><br \/>\n<strong><span style=\"color: #ff0000;\">\u203a<\/span><\/strong> <a href=\"http:\/\/www.jungschar.biz\/?page_id=2237\" target=\"_blank\">Waldl\u00e4uferzeichen<\/a><br \/>\n<strong><span style=\"color: #ff0000;\">\u203a<\/span><\/strong> <a href=\"http:\/\/www.jungschar.biz\/?page_id=2241\" target=\"_blank\">Geheimschriften<\/a><br \/>\n<strong><span style=\"color: #ff0000;\">\u203a<\/span><\/strong> <a href=\"http:\/\/www.jungschar.biz\/?page_id=2246\" target=\"_blank\">Sch\u00e4tzen und Messen<\/a><br \/>\n<strong><span style=\"color: #ff0000;\">\u203a<\/span><\/strong> <a href=\"http:\/\/www.jungschar.biz\/?page_id=2250\" target=\"_blank\">Fr\u00fchsport<br \/>\n<\/a><strong><span style=\"color: #ff0000;\">\u203a<\/span><\/strong> <a href=\"http:\/\/www.jungschar.biz\/?page_id=2254\" target=\"_blank\">Krokieren<\/a><br \/>\n<strong><span style=\"color: #ff0000;\">\u203a<\/span><\/strong> <a href=\"http:\/\/www.jungschar.biz\/?page_id=2308\" target=\"_blank\">Naturbeobachtung<\/a><br \/>\n<strong><span style=\"color: #ff0000;\">\u203a<\/span><\/strong> <a href=\"http:\/\/www.jungschar.biz\/?page_id=2319\" target=\"_blank\">Streife<\/a><\/span><\/span><\/span><\/span><\/p>\n<p><span style=\"color: #ff0000;\"><strong>\u2022<\/strong><\/span> <strong><span style=\"color: #008000;\">H\u00e4uptlingsbuch<\/span><span style=\"color: #008000;\">:<\/span> <a href=\"http:\/\/www.jungschar.biz\/wp-content\/uploads\/HFZ\/HB 4\/00 Titel HB IV.pdf\" target=\"_blank\">Titel<\/a><\/strong><\/p>\n<p><strong><span style=\"color: #ff0000;\">\u2022<\/span> <span style=\"color: #008000;\"><a href=\"http:\/\/www.jungschar.biz\/wp-content\/uploads\/HFZ\/Handzettel\/00 Stoffplan HFZ A4.pdf\" target=\"_blank\">Stoffpl\u00e4ne<\/a> f\u00fcr den Unterricht in der H\u00e4uptlingsfreizeit<\/span><\/strong><\/p>\n<p><strong><span style=\"color: #ff0000;\">\u2022<\/span> <a href=\"http:\/\/www.jungschar.biz\/wp-content\/uploads\/HFZ\/Handzettel\/00-Handzettel-Titel-A4.pdf\" target=\"_blank\">Titelblatt f\u00fcr Handzettelsammlung <\/a><\/strong><\/p>\n<p><strong><span style=\"color: #ff0000;\">\u2022<\/span> <a href=\"http:\/\/www.jungschar.biz\/wp-content\/uploads\/HFZ\/Handzettel\/00-Handzettel-Vorbemerkungen-A4.pdf\" target=\"_blank\">Vorbemerkungen zur Handzettelsammlun<\/a>g<\/strong><\/p>\n<h5><span style=\"color: #c0c0c0;\">\u2013<\/span><\/h5>\n<h5><span style=\"color: #ff0000;\"><strong>\u2039<\/strong><\/span> <a href=\"http:\/\/www.jungschar.biz\/?page_id=628\">nach oben<\/a><\/h5>\n<h5><span style=\"color: #ff0000;\"><strong>\u2039<\/strong><\/span> <a href=\"http:\/\/www.jungschar.biz\/?page_id=626\">zur\u00fcck zu Downloads<\/a> <span style=\"color: #ff0000;\">\u00bb<\/span> <a href=\"http:\/\/www.jungschar.biz\/?page_id=626\">H\u00e4uptlingsfreizeit<\/a><\/h5>\n<h5><span style=\"color: #ff0000;\"><strong>\u2039<\/strong><\/span> <a href=\"http:\/\/www.jungschar.biz\/?page_id=120\">zur\u00fcck zu Downloads<\/a> <span style=\"color: #ff0000;\">\u2022<\/span> <a href=\"http:\/\/www.jungschar.biz\/?page_id=120\">CVJM-Jungschar b\u00fcndisch<\/a><\/h5>\n<h5><span style=\"color: #ff0000;\"><strong>\u2039<\/strong><\/span> <a href=\"http:\/\/www.jungschar.biz\/?page_id=10\">zur\u00fcck zu <strong>Downloads<\/strong><\/a><\/h5>\n<h5><span style=\"color: #ff0000;\"><strong>\u2039<\/strong><\/span> <a href=\"http:\/\/www.jungschar.biz\/\">zur\u00fcck zur <strong>Startseite<\/strong><\/a><\/h5>\n<h5><span style=\"color: #ffffff;\">\u2013<\/span><\/h5>\n","protected":false},"excerpt":{"rendered":"<p>Zu den einzelnen F\u00e4chern gibt es : \u00bb Arbeits- und \u00dcbungsmaterial f\u00fcr die Dozenten, \u00bb Ausz\u00fcge aus dem H\u00e4uptlingsbuch, \u00bb Handzettel und \u00bb Erg\u00e4nzungen f\u00fcr das H\u00e4uptlingsbuch \u203a Bibelkunde \u203a Kirchengeschichte \u203a CVJM-Geschichte \u203a Andacht \u203a H\u00e4uptling \u203a Erz\u00e4hlen \u203a Lagerkunst \u203a Werkzeugkunde \u203a Feuerstellen \u203a Karte und Kompass \u203a Knoten \u203a 1. Hilfe \u203a [&hellip;]<\/p>\n","protected":false},"author":3,"featured_media":0,"parent":2151,"menu_order":0,"comment_status":"closed","ping_status":"closed","template":"","meta":{"ngg_post_thumbnail":0},"_links":{"self":[{"href":"http:\/\/www.jungschar.biz\/index.php?rest_route=\/wp\/v2\/pages\/2157"}],"collection":[{"href":"http:\/\/www.jungschar.biz\/index.php?rest_route=\/wp\/v2\/pages"}],"about":[{"href":"http:\/\/www.jungschar.biz\/index.php?rest_route=\/wp\/v2\/types\/page"}],"author":[{"embeddable":true,"href":"http:\/\/www.jungschar.biz\/index.php?rest_route=\/wp\/v2\/users\/3"}],"replies":[{"embeddable":true,"href":"http:\/\/www.jungschar.biz\/index.php?rest_route=%2Fwp%2Fv2%2Fcomments&post=2157"}],"version-history":[{"count":40,"href":"http:\/\/www.jungschar.biz\/index.php?rest_route=\/wp\/v2\/pages\/2157\/revisions"}],"predecessor-version":[{"id":2159,"href":"http:\/\/www.jungschar.biz\/index.php?rest_route=\/wp\/v2\/pages\/2157\/revisions\/2159"}],"up":[{"embeddable":true,"href":"http:\/\/www.jungschar.biz\/index.php?rest_route=\/wp\/v2\/pages\/2151"}],"wp:attachment":[{"href":"http:\/\/www.jungschar.biz\/index.php?rest_route=%2Fwp%2Fv2%2Fmedia&parent=2157"}],"curies":[{"name":"wp","href":"https:\/\/api.w.org\/{rel}","templated":true}]}}